{"id":2683,"date":"2020-08-24T18:14:00","date_gmt":"2020-08-24T16:14:00","guid":{"rendered":"https:\/\/spotmall.hr\/makarska\/mall-map\/"},"modified":"2021-11-25T17:35:07","modified_gmt":"2021-11-25T16:35:07","slug":"mall-map","status":"publish","type":"page","link":"https:\/\/spotmall.hr\/makarska\/mall-map\/?lang=en","title":{"rendered":"Mall map"},"content":{"rendered":"\n<h1 placeholder=\"Add your text here\" class=\"u-text-primary\">Mall map<\/h1>\n\n\n<div id=\"mapplic-id80\" data-mapdata=\"{&quot;mapwidth&quot;:&quot;1000&quot;,&quot;mapheight&quot;:&quot;700&quot;,&quot;minimap&quot;:false,&quot;clearbutton&quot;:true,&quot;zoombuttons&quot;:true,&quot;sidebar&quot;:false,&quot;search&quot;:false,&quot;hovertip&quot;:true,&quot;mousewheel&quot;:true,&quot;fullscreen&quot;:false,&quot;deeplinking&quot;:true,&quot;mapfill&quot;:false,&quot;zoom&quot;:true,&quot;alphabetic&quot;:false,&quot;action&quot;:&quot;tooltip&quot;,&quot;categories&quot;:[],&quot;levels&quot;:[{&quot;id&quot;:&quot;my-map&quot;,&quot;title&quot;:&quot;Prizemlje&quot;,&quot;map&quot;:&quot;\/\/spotmall.hr\/makarska\/wp-content\/themes\/spot-mall\/maps\/makarska-prizemlje.svg&quot;,&quot;minimap&quot;:&quot;&quot;,&quot;show&quot;:&quot;true&quot;,&quot;locations&quot;:[{&quot;id&quot;:&quot;space-20&quot;,&quot;title&quot;:&quot;TOMMY&quot;,&quot;description&quot;:&quot;&lt;p&gt;TOMMY je jedan od vode\u0107ih hrvatskih trgova\u010dkih lanaca, najve\u0107a kompanija i najve\u0107i poslodavac u Dalmaciji i ju\u017enoj Hrvatskoj&lt;\/p&gt;&quot;,&quot;pin&quot;:&quot;pin-ribbon pin-label&quot;,&quot;label&quot;:&quot;TOMMY&quot;,&quot;action&quot;:&quot;default&quot;,&quot;zoom&quot;:&quot;3&quot;,&quot;about&quot;:&quot;space-20&quot;,&quot;x&quot;:&quot;0.7709&quot;,&quot;y&quot;:&quot;0.6198&quot;,&quot;fill&quot;:&quot;#ff0000&quot;,&quot;image&quot;:&quot;https:\/\/spotmall.hr\/makarska\/wp-content\/uploads\/sites\/2\/2020\/08\/IMG1_0108-scaled.jpg&quot;,&quot;link&quot;:&quot;https:\/\/spotmall.hr\/makarska\/store\/tommy&quot;},{&quot;id&quot;:&quot;space-18&quot;,&quot;title&quot;:&quot;NewYorker&quot;,&quot;description&quot;:&quot;&lt;p&gt;Bez obzira tra\u017eite li ne&scaron;to u opu&scaron;tenom street style-u ili elegantnu kombinaciju za ve\u010dernju zabavu- u NEW YORKERU \u0107e te na\u010bi sve za savr&scaron;en izgled!&lt;\/p&gt;&quot;,&quot;pin&quot;:&quot;pin-ribbon pin-label&quot;,&quot;label&quot;:&quot;NewYorker&quot;,&quot;action&quot;:&quot;default&quot;,&quot;about&quot;:&quot;NewYorker&quot;,&quot;x&quot;:&quot;0.4367&quot;,&quot;y&quot;:&quot;0.3906&quot;,&quot;fill&quot;:&quot;#dd3333&quot;,&quot;link&quot;:&quot;https:\/\/spotmall.hr\/makarska\/store\/new-yorker&quot;,&quot;image&quot;:&quot;https:\/\/spotmall.hr\/makarska\/wp-content\/uploads\/sites\/2\/2020\/08\/NY-2-scaled.jpg&quot;},{&quot;id&quot;:&quot;space-19&quot;,&quot;title&quot;:&quot;Ku\u010da \u010caja Makarska&quot;,&quot;pin&quot;:&quot;pin-ribbon pin-label&quot;,&quot;label&quot;:&quot;Ku\u010da \u010caja Makarska&quot;,&quot;fill&quot;:&quot;#00c416&quot;,&quot;action&quot;:&quot;default&quot;,&quot;x&quot;:&quot;0.5471&quot;,&quot;y&quot;:&quot;0.4823&quot;,&quot;description&quot;:&quot;&lt;p&gt;Trgovina na malo koja se bavi prodajom BIO proizvoda, prirodnih \u010dajeva, ljekovitih bilja, dodataka prehrani i prirodne kozmetike.&lt;\/p&gt;&quot;,&quot;link&quot;:&quot;https:\/\/spotmall.hr\/makarska\/store\/kuca-caja-makarska&quot;,&quot;image&quot;:&quot;https:\/\/spotmall.hr\/makarska\/wp-content\/uploads\/sites\/2\/2020\/08\/IMG1_0104-scaled.jpg&quot;},{&quot;id&quot;:&quot;space-17&quot;,&quot;title&quot;:&quot;Galileo&quot;,&quot;pin&quot;:&quot;pin-ribbon pin-label&quot;,&quot;label&quot;:&quot;Galileo&quot;,&quot;fill&quot;:&quot;#00079e&quot;,&quot;action&quot;:&quot;default&quot;,&quot;x&quot;:&quot;0.3522&quot;,&quot;y&quot;:&quot;0.3115&quot;,&quot;description&quot;:&quot;&lt;p&gt;Galileo se mo\u017ee okarakterizirati kao brand za mu&scaron;ku poslovnu modu, on u svom modnom portfelju nudi mu&scaron;ku modu za svaku prigodu.&lt;\/p&gt;&quot;,&quot;link&quot;:&quot;https:\/\/spotmall.hr\/makarska\/store\/galileo&quot;,&quot;image&quot;:&quot;https:\/\/spotmall.hr\/makarska\/wp-content\/uploads\/sites\/2\/2020\/08\/Galileo-2-scaled.jpg&quot;},{&quot;id&quot;:&quot;space-16&quot;,&quot;title&quot;:&quot;Svijeta medija&quot;,&quot;pin&quot;:&quot;pin-ribbon pin-label&quot;,&quot;label&quot;:&quot;Svijeta medija&quot;,&quot;fill&quot;:&quot;#00a070&quot;,&quot;action&quot;:&quot;default&quot;,&quot;x&quot;:&quot;0.2984&quot;,&quot;y&quot;:&quot;0.2656&quot;,&quot;description&quot;:&quot;&lt;p&gt;Svijeta medija nudi &nbsp;tehni\u010dke robe i informatike &nbsp;- televizore, Hi-Fi, mobitele, tablete, fotoaparate i kamere, laptope i stolna ra\u010dunala, printere i skenere, projektore.&lt;\/p&gt;&quot;,&quot;link&quot;:&quot;https:\/\/spotmall.hr\/makarska\/store\/svijeta-medija&quot;,&quot;image&quot;:&quot;https:\/\/spotmall.hr\/makarska\/wp-content\/uploads\/sites\/2\/2020\/08\/IMG1_0159-scaled.jpg&quot;},{&quot;id&quot;:&quot;space-30&quot;,&quot;title&quot;:&quot;Fumar&quot;,&quot;pin&quot;:&quot;pin-ribbon pin-label&quot;,&quot;label&quot;:&quot;Fumar&quot;,&quot;fill&quot;:&quot;#4c4c4c&quot;,&quot;action&quot;:&quot;default&quot;,&quot;x&quot;:&quot;0.2880&quot;,&quot;y&quot;:&quot;0.4573&quot;,&quot;description&quot;:&quot;&lt;p&gt;Fumar nudi &scaron;iroki izbor cigarilosa, cigareta, e-cigareta, lula, odnedavno vrlo popularne i ra&scaron;irene vodene lule (nargile, &scaron;i&scaron;e) &nbsp;i ostali pu&scaron;a\u010dki asortiman.&lt;\/p&gt;&quot;,&quot;link&quot;:&quot;https:\/\/spotmall.hr\/makarska\/store\/fumar&quot;,&quot;image&quot;:&quot;https:\/\/spotmall.hr\/makarska\/wp-content\/uploads\/sites\/2\/2020\/08\/IMG1_0125-scaled.jpg&quot;},{&quot;id&quot;:&quot;space-31&quot;,&quot;title&quot;:&quot;Farmacia&quot;,&quot;pin&quot;:&quot;pin-ribbon pin-label&quot;,&quot;label&quot;:&quot;Farmacia&quot;,&quot;fill&quot;:&quot;#11d100&quot;,&quot;action&quot;:&quot;default&quot;,&quot;x&quot;:&quot;0.2459&quot;,&quot;y&quot;:&quot;0.4198&quot;,&quot;description&quot;:&quot;&lt;p&gt;Farmacia specijalizirana prodavaonica u Spot centru, nova je makarska adresa zdravlja i ljepote.&nbsp;&lt;\/p&gt;&quot;,&quot;link&quot;:&quot;https:\/\/spotmall.hr\/makarska\/store\/farmacia&quot;,&quot;image&quot;:&quot;https:\/\/spotmall.hr\/makarska\/wp-content\/uploads\/sites\/2\/2020\/08\/Farmacia-2-scaled.jpg&quot;},{&quot;id&quot;:&quot;space-32&quot;,&quot;title&quot;:&quot;Connect&quot;,&quot;pin&quot;:&quot;pin-ribbon pin-label&quot;,&quot;label&quot;:&quot;Connect&quot;,&quot;fill&quot;:&quot;#e8a319&quot;,&quot;action&quot;:&quot;default&quot;,&quot;x&quot;:&quot;0.2065&quot;,&quot;y&quot;:&quot;0.3823&quot;,&quot;description&quot;:&quot;&lt;p&gt;Najve\u0107i izbor otklju\u010danih telefona po najpovoljnijim cijenama na tr\u017ei&scaron;tu.&lt;\/p&gt;&quot;,&quot;link&quot;:&quot;https:\/\/spotmall.hr\/makarska\/store\/connect\/&quot;},{&quot;id&quot;:&quot;space-28&quot;,&quot;title&quot;:&quot;Lunaria&quot;,&quot;pin&quot;:&quot;pin-ribbon pin-label&quot;,&quot;label&quot;:&quot;Lunaria&quot;,&quot;fill&quot;:&quot;#000284&quot;,&quot;action&quot;:&quot;default&quot;,&quot;x&quot;:&quot;0.3679&quot;,&quot;y&quot;:&quot;0.5156&quot;,&quot;description&quot;:&quot;&lt;p&gt;Brand koji se nametnuo vrhunskom kvalitetom i u kratkom vremenu postao nezaobilazno mjesto kupnje donjeg rublja.&lt;\/p&gt;&quot;,&quot;link&quot;:&quot;https:\/\/spotmall.hr\/makarska\/store\/lunaria&quot;,&quot;image&quot;:&quot;https:\/\/spotmall.hr\/makarska\/wp-content\/uploads\/sites\/2\/2020\/08\/IMG1_0123-1-scaled.jpg&quot;},{&quot;id&quot;:&quot;space-29&quot;,&quot;title&quot;:&quot;Telemach&quot;,&quot;pin&quot;:&quot;pin-ribbon pin-label&quot;,&quot;label&quot;:&quot;Telemach&quot;,&quot;fill&quot;:&quot;#000000&quot;,&quot;action&quot;:&quot;default&quot;,&quot;x&quot;:&quot;0.3411&quot;,&quot;y&quot;:&quot;0.4802&quot;,&quot;description&quot;:&quot;&lt;p&gt;Telemach - nudi jednostavne proizvode i usluge, fleksibilnost izbora i najvi&scaron;u razinu korisni\u010dkog iskustva.&lt;\/p&gt;&quot;,&quot;link&quot;:&quot;https:\/\/spotmall.hr\/makarska\/store\/tele2\/&quot;,&quot;image&quot;:&quot;https:\/\/spotmall.hr\/makarska\/wp-content\/uploads\/sites\/2\/2020\/08\/0.jpg&quot;},{&quot;id&quot;:&quot;space-22&quot;,&quot;title&quot;:&quot;DEICHMANN&quot;,&quot;pin&quot;:&quot;pin-ribbon pin-label&quot;,&quot;label&quot;:&quot;DEICHMANN&quot;,&quot;fill&quot;:&quot;#2a8e3e&quot;,&quot;action&quot;:&quot;default&quot;,&quot;x&quot;:&quot;0.6499&quot;,&quot;y&quot;:&quot;0.7885&quot;,&quot;image&quot;:&quot;https:\/\/spotmall.hr\/makarska\/wp-content\/uploads\/sites\/2\/2020\/08\/Deichman-scaled.jpg&quot;,&quot;description&quot;:&quot;&lt;p&gt;U&nbsp;DEICHMANNu obo\u017eavamo cipele i nudimo vam obu\u0107u visoke kvalitete i modernu obu\u0107u po pristupa\u010dnim cijenama.&lt;\/p&gt;&quot;,&quot;link&quot;:&quot;https:\/\/spotmall.hr\/makarska\/store\/deichmann&quot;},{&quot;id&quot;:&quot;space-24&quot;,&quot;title&quot;:&quot;SIMPLE&quot;,&quot;pin&quot;:&quot;pin-ribbon pin-label&quot;,&quot;label&quot;:&quot;SIMPLE&quot;,&quot;fill&quot;:&quot;#edde11&quot;,&quot;action&quot;:&quot;default&quot;,&quot;x&quot;:&quot;0.5083&quot;,&quot;y&quot;:&quot;0.7490&quot;,&quot;description&quot;:&quot;&lt;p&gt;SIMPLE frizerski salon pru\u017ea vrhunsku uslugu, koriste\u0107i samo najbolje proizvode za njegu kose.&lt;\/p&gt;&quot;,&quot;link&quot;:&quot;https:\/\/spotmall.hr\/makarska\/store\/simple\/?lang=hr&quot;,&quot;image&quot;:&quot;https:\/\/spotmall.hr\/makarska\/wp-content\/uploads\/sites\/2\/2020\/08\/simple-slaon.jpg&quot;},{&quot;id&quot;:&quot;space-25&quot;,&quot;title&quot;:&quot;Hrvatska Lutrija&quot;,&quot;label&quot;:&quot;Hrvatska Lutrija&quot;,&quot;fill&quot;:&quot;#dbc21e&quot;,&quot;action&quot;:&quot;default&quot;,&quot;x&quot;:&quot;0.4993&quot;,&quot;y&quot;:&quot;0.6844&quot;,&quot;pin&quot;:&quot;pin-ribbon pin-label&quot;,&quot;description&quot;:&quot;&lt;p&gt;Temeljna djelatnost Hrvatske Lutrije je prire\u0111ivanje igara na sre\u0107u.&lt;\/p&gt;&quot;,&quot;link&quot;:&quot;https:\/\/spotmall.hr\/makarska\/store\/hrvatska-lutrija\/?lang=hr&amp;location=space-25&quot;},{&quot;id&quot;:&quot;space-15&quot;,&quot;title&quot;:&quot;Muller&quot;,&quot;pin&quot;:&quot;pin-ribbon pin-label&quot;,&quot;label&quot;:&quot;Muller&quot;,&quot;fill&quot;:&quot;#e87635&quot;,&quot;action&quot;:&quot;default&quot;,&quot;x&quot;:&quot;0.1250&quot;,&quot;y&quot;:&quot;0.1969&quot;,&quot;description&quot;:&quot;&lt;p&gt;M&uuml;ller nudi najve\u0107i drogerijski asortiman u Hrvatskoj koji broji ukupno preko 180 000 proizvoda!&lt;\/p&gt;&quot;,&quot;link&quot;:&quot;https:\/\/spotmall.hr\/makarska\/store\/muller\/&quot;,&quot;image&quot;:&quot;https:\/\/spotmall.hr\/makarska\/wp-content\/uploads\/sites\/2\/2020\/08\/Muiller-scaled.jpg&quot;},{&quot;id&quot;:&quot;space-27&quot;,&quot;title&quot;:&quot;Zaks&quot;,&quot;pin&quot;:&quot;pin-ribbon pin-label&quot;,&quot;label&quot;:&quot;Zaks&quot;,&quot;fill&quot;:&quot;#c14f2c&quot;,&quot;action&quot;:&quot;default&quot;,&quot;x&quot;:&quot;0.3887&quot;,&quot;y&quot;:&quot;0.5531&quot;,&quot;description&quot;:&quot;&lt;p&gt;Zaks&nbsp;je vrhunski brend u segmentu prodaje nakita s vlastitom prodajnom mre\u017eom u Hrvatskoj i inozemstvu&lt;\/p&gt;&quot;,&quot;link&quot;:&quot;https:\/\/spotmall.hr\/makarska\/store\/zaks&quot;,&quot;image&quot;:&quot;https:\/\/spotmall.hr\/makarska\/wp-content\/uploads\/sites\/2\/2020\/08\/IMG-20200903-WA0007.jpg&quot;},{&quot;id&quot;:&quot;space-23&quot;,&quot;title&quot;:&quot;Blue Bar&quot;,&quot;pin&quot;:&quot;pin-ribbon pin-label&quot;,&quot;label&quot;:&quot;Blue Bar&quot;,&quot;fill&quot;:&quot;#0066bf&quot;,&quot;action&quot;:&quot;default&quot;,&quot;x&quot;:&quot;0.5407&quot;,&quot;y&quot;:&quot;0.8260&quot;,&quot;description&quot;:&quot;&lt;p&gt;Kafi\u0107 u kojem se mo\u017eete osvje\u017eiti pi\u0107em i opustiti.&lt;\/p&gt;&quot;,&quot;image&quot;:&quot;https:\/\/spotmall.hr\/makarska\/wp-content\/uploads\/sites\/2\/2020\/09\/Blue-bar-scaled.jpg&quot;,&quot;link&quot;:&quot;https:\/\/spotmall.hr\/makarska\/store\/blue-bar\/?lang=hr&amp;location=space-23&quot;},{&quot;id&quot;:&quot;space-26&quot;,&quot;title&quot;:&quot;SIXT&quot;,&quot;pin&quot;:&quot;pin-ribbon pin-label&quot;,&quot;label&quot;:&quot;SIXT&quot;,&quot;fill&quot;:&quot;#f4811e&quot;,&quot;action&quot;:&quot;default&quot;,&quot;x&quot;:&quot;0.4747&quot;,&quot;y&quot;:&quot;0.6490&quot;,&quot;description&quot;:&quot;&lt;p&gt;Najam automobila u Hrvatskoj jednostavan je, prakti\u010dan i pristupa\u010dan uz SIXI.&lt;br \/&gt;Jednostavan proces rezervacije i odli\u010dan izbor vozila uz odabir idealnog paketa osiguranja.&lt;\/p&gt;&lt;p&gt;RADNO VRIJEME&lt;br \/&gt;08:00 - 16:00&lt;\/p&gt;&lt;p&gt;KONTAKT&lt;br \/&gt;+385 91 610 0212&lt;br \/&gt;&lt;a href=\\&quot;mailto:makarska.dt@sixt.hr\\&quot; target=\\&quot;_blank\\&quot; rel=\\&quot;noopener\\&quot;&gt;makarska.dt@sixt.hr&lt;\/a&gt;&lt;\/p&gt;&quot;,&quot;link&quot;:&quot;https:\/\/spotmall.hr\/makarska\/store\/exc&quot;},{&quot;id&quot;:&quot;posta&quot;,&quot;title&quot;:&quot;Hrvatska po&scaron;ta&quot;,&quot;pin&quot;:&quot;pin-ribbon pin-label&quot;,&quot;label&quot;:&quot;Hrvatska po&scaron;ta&quot;,&quot;fill&quot;:&quot;#e8ac20&quot;,&quot;action&quot;:&quot;default&quot;,&quot;x&quot;:&quot;0.5823&quot;,&quot;y&quot;:&quot;0.5304&quot;,&quot;description&quot;:&quot;&lt;p class=\\&quot;hero-lead\\&quot;&gt;Gra\u0111anima smo oduvijek na usluzi prenose\u0107i njihove poruke i pakete te osiguravaju\u0107i im mogu\u0107nost obavljanja brojnih usluga ma gdje oni bili.&lt;\/p&gt;&quot;,&quot;link&quot;:&quot;https:\/\/spotmall.hr\/makarska\/store\/hrvatska-posta&quot;},{&quot;id&quot;:&quot;mob&quot;,&quot;title&quot;:&quot;Mobia&quot;,&quot;pin&quot;:&quot;pin-ribbon pin-label&quot;,&quot;label&quot;:&quot;Mobia&quot;,&quot;fill&quot;:&quot;#990033&quot;,&quot;action&quot;:&quot;default&quot;,&quot;x&quot;:&quot;0.5389&quot;,&quot;y&quot;:&quot;0.6033&quot;,&quot;description&quot;:&quot;&lt;p&gt;Mobia nudi &scaron;iroku ponudu&nbsp;mobilnih ure\u0111aja, pametnih satova, narukvica i ostalie popularne proizvode.&lt;\/p&gt;&quot;,&quot;link&quot;:&quot;https:\/\/spotmall.hr\/makarska\/store\/mobia&quot;},{&quot;id&quot;:&quot;watchcentar&quot;,&quot;title&quot;:&quot;Watch Centar&quot;,&quot;pin&quot;:&quot;pin-ribbon pin-label&quot;,&quot;label&quot;:&quot;Watch Centar&quot;,&quot;fill&quot;:&quot;#555555&quot;,&quot;link&quot;:&quot;https:\/\/spotmall.hr\/makarska\/store\/watch-centar\/&quot;,&quot;action&quot;:&quot;default&quot;,&quot;x&quot;:&quot;0.5252&quot;,&quot;y&quot;:&quot;0.5720&quot;,&quot;description&quot;:&quot;&lt;p&gt;Vode\u0107i je hrvatski uvoznik i distributer poznatih modnih brandova satova i nakita&lt;\/p&gt;&quot;,&quot;image&quot;:&quot;https:\/\/spotmall.hr\/makarska\/wp-content\/uploads\/sites\/2\/2020\/08\/Watch-centar-2-scaled.jpg&quot;}]},{&quot;id&quot;:&quot;first-floor&quot;,&quot;title&quot;:&quot;Prvi kat&quot;,&quot;map&quot;:&quot;\/\/spotmall.hr\/makarska\/wp-content\/uploads\/sites\/2\/2020\/08\/makarska-8mj2025c.svg&quot;,&quot;minimap&quot;:&quot;&quot;,&quot;locations&quot;:[{&quot;id&quot;:&quot;space-6&quot;,&quot;title&quot;:&quot;Intersport&quot;,&quot;description&quot;:&quot;&lt;p&gt;Intersport je du\u0107an sa &scaron;irokom ponudom sportske opreme.&lt;\/p&gt;&quot;,&quot;pin&quot;:&quot;pin-ribbon pin-label&quot;,&quot;action&quot;:&quot;default&quot;,&quot;zoom&quot;:&quot;3&quot;,&quot;about&quot;:&quot;Intersport sportska operama.&quot;,&quot;x&quot;:&quot;0.6852&quot;,&quot;y&quot;:&quot;0.5594&quot;,&quot;label&quot;:&quot;Intersport&quot;,&quot;fill&quot;:&quot;#1e73be&quot;,&quot;image&quot;:&quot;https:\/\/spotmall.hr\/makarska\/wp-content\/uploads\/sites\/2\/2020\/08\/featured-pic-6.jpg&quot;,&quot;link&quot;:&quot;https:\/\/spotmall.hr\/makarska\/store\/intersport&quot;},{&quot;id&quot;:&quot;space-8&quot;,&quot;title&quot;:&quot;Pepco&quot;,&quot;pin&quot;:&quot;pin-ribbon pin-label&quot;,&quot;label&quot;:&quot;Pepco&quot;,&quot;fill&quot;:&quot;#279ef9&quot;,&quot;action&quot;:&quot;default&quot;,&quot;x&quot;:&quot;0.8618&quot;,&quot;y&quot;:&quot;0.6531&quot;,&quot;description&quot;:&quot;&lt;p&gt;PEPCO je europski lanac trgovina sa sjedi&scaron;tem u Poljskoj koji nudi odje\u0107u za cijelu obitelj i proizvode za ku\u0107anstvo.&lt;\/p&gt;&quot;,&quot;link&quot;:&quot;https:\/\/spotmall.hr\/makarska\/store\/pepco\/&quot;},{&quot;id&quot;:&quot;space-10&quot;,&quot;title&quot;:&quot;Twister&quot;,&quot;pin&quot;:&quot;pin-ribbon pin-label&quot;,&quot;label&quot;:&quot;Twister&quot;,&quot;fill&quot;:&quot;#ff6e00&quot;,&quot;action&quot;:&quot;default&quot;,&quot;x&quot;:&quot;0.6896&quot;,&quot;y&quot;:&quot;0.7406&quot;,&quot;description&quot;:&quot;&lt;p&gt;Twister Arcade je mesto gdje \u0107e svaki \u010dlan obitelji prona\u0107i ne&scaron;to za sebe i na taj na\u010din upotpuniti obiteljsko dru\u017eenje u centru Spot.&lt;\/p&gt;&quot;,&quot;link&quot;:&quot;https:\/\/spotmall.hr\/makarska\/store\/twister-arcade&quot;,&quot;image&quot;:&quot;https:\/\/spotmall.hr\/makarska\/wp-content\/uploads\/sites\/2\/2020\/08\/Game-on-scaled.jpg&quot;},{&quot;id&quot;:&quot;space-5&quot;,&quot;title&quot;:&quot;Mass&quot;,&quot;pin&quot;:&quot;pin-ribbon pin-label&quot;,&quot;label&quot;:&quot;Mass&quot;,&quot;fill&quot;:&quot;#000000&quot;,&quot;action&quot;:&quot;default&quot;,&quot;x&quot;:&quot;0.4904&quot;,&quot;y&quot;:&quot;0.4719&quot;,&quot;description&quot;:&quot;&lt;p&gt;MASS je trgovina obu\u0107om koja je zahvaljuju\u0107i svojoj prepoznatljivoj robnoj marki izrasla u poduze\u0107e s ukupno 27 prodavaonica u Hrvatskoj.&lt;\/p&gt;&quot;,&quot;link&quot;:&quot;https:\/\/spotmall.hr\/makarska\/store\/mass&quot;,&quot;image&quot;:&quot;https:\/\/spotmall.hr\/makarska\/wp-content\/uploads\/sites\/2\/2020\/08\/Mass-2-scaled.jpg&quot;},{&quot;id&quot;:&quot;space-13&quot;,&quot;title&quot;:&quot;s.Oliver&quot;,&quot;pin&quot;:&quot;pin-ribbon pin-label&quot;,&quot;label&quot;:&quot;s.Oliver&quot;,&quot;fill&quot;:&quot;#dd3333&quot;,&quot;action&quot;:&quot;default&quot;,&quot;x&quot;:&quot;0.3232&quot;,&quot;y&quot;:&quot;0.4906&quot;,&quot;description&quot;:&quot;&lt;p&gt;Urbane i trendi modne kombinacije poznatog brenda njema\u010dke kvalitete prona\u0111ite u trgovini s.Oliver.&lt;\/p&gt;&quot;,&quot;link&quot;:&quot;https:\/\/spotmall.hr\/makarska\/store\/s-oliver\/&quot;},{&quot;id&quot;:&quot;space-14&quot;,&quot;title&quot;:&quot;Optika Anda&quot;,&quot;pin&quot;:&quot;pin-ribbon pin-label&quot;,&quot;label&quot;:&quot;Optika Anda&quot;,&quot;fill&quot;:&quot;#561389&quot;,&quot;action&quot;:&quot;default&quot;,&quot;x&quot;:&quot;0.2037&quot;,&quot;y&quot;:&quot;0.3990&quot;,&quot;description&quot;:&quot;&lt;p&gt;Optika Anda jedan je od najuspje&scaron;nijih opti\u010dkih lanaca u Hrvatskoj i omiljena destinacija za sve ljubitelje sun\u010danih nao\u010dala i dioptrijskih okvira.&lt;\/p&gt;&quot;,&quot;link&quot;:&quot;https:\/\/spotmall.hr\/makarska\/store\/optika-anda&quot;,&quot;image&quot;:&quot;https:\/\/spotmall.hr\/makarska\/wp-content\/uploads\/sites\/2\/2020\/08\/Optika-anda-2-scaled.jpg&quot;},{&quot;id&quot;:&quot;space-3&quot;,&quot;title&quot;:&quot;Baby Center&quot;,&quot;pin&quot;:&quot;pin-ribbon pin-label&quot;,&quot;label&quot;:&quot;Baby Center&quot;,&quot;fill&quot;:&quot;#0096fa&quot;,&quot;action&quot;:&quot;default&quot;,&quot;x&quot;:&quot;0.2910&quot;,&quot;y&quot;:&quot;0.2906&quot;,&quot;description&quot;:&quot;&lt;p&gt;Baby Center najve\u0107i je lanac trgovina s proizvodima za trudnice, roditelje i djecu u regiji. Jedna od glavnih konkurentskih prednosti je koncept sve &scaron;to je potrebno za njegu i razvoj mali&scaron;ana na jednom mjestu.&lt;\/p&gt;&quot;,&quot;link&quot;:&quot;https:\/\/spotmall.hr\/makarska\/store\/top-shop\/https:\/\/spotmall.hr\/makarska\/store\/baby-center\/&quot;},{&quot;id&quot;:&quot;chix&quot;,&quot;title&quot;:&quot;CHIX&quot;,&quot;pin&quot;:&quot;pin-ribbon pin-label&quot;,&quot;label&quot;:&quot;CHIX&quot;,&quot;fill&quot;:&quot;#c1ab1b&quot;,&quot;action&quot;:&quot;default&quot;,&quot;x&quot;:&quot;0.4870&quot;,&quot;y&quot;:&quot;0.5844&quot;,&quot;description&quot;:&quot;&lt;p&gt;Usluge uljep&scaron;avanja na WALK-IN (bez termina). Threading obrva, nadusnica, brade, bojanje obrva i trepavica...&lt;\/p&gt;&quot;,&quot;link&quot;:&quot;https:\/\/spotmall.hr\/makarska\/store\/chix&quot;,&quot;image&quot;:&quot;https:\/\/spotmall.hr\/makarska\/wp-content\/uploads\/sites\/2\/2020\/08\/IMG1_0073-scaled.jpg&quot;},{&quot;id&quot;:&quot;space-12&quot;,&quot;title&quot;:&quot;Biberon&quot;,&quot;description&quot;:&quot;&lt;p&gt;Biberon je jedan od vode\u0107ih ugostiteljskih lanaca u Hrvatskoj u \u010dijoj su mre\u017ei brojni barovi, restorani i slasti\u010darnice.&lt;\/p&gt;&quot;,&quot;pin&quot;:&quot;pin-ribbon pin-label&quot;,&quot;label&quot;:&quot;Biberon&quot;,&quot;fill&quot;:&quot;#af8124&quot;,&quot;link&quot;:&quot;https:\/\/spotmall.hr\/makarska\/store\/biberon&quot;,&quot;action&quot;:&quot;default&quot;,&quot;x&quot;:&quot;0.5939&quot;,&quot;y&quot;:&quot;0.7177&quot;}]}],&quot;maxscale&quot;:&quot;3&quot;,&quot;smartip&quot;:false,&quot;linknewtab&quot;:false,&quot;zoomoutclose&quot;:false,&quot;closezoomout&quot;:false,&quot;searchdescription&quot;:false,&quot;thumbholder&quot;:false,&quot;hidenofilter&quot;:false,&quot;highlight&quot;:false,&quot;topLat&quot;:&quot;&quot;,&quot;leftLng&quot;:&quot;&quot;,&quot;bottomLat&quot;:&quot;&quot;,&quot;rightLng&quot;:&quot;&quot;,&quot;styles&quot;:[],&quot;moretext&quot;:&quot;Vi&scaron;e&quot;}\"><\/div>\n","protected":false},"excerpt":{"rendered":"","protected":false},"author":1,"featured_media":0,"parent":0,"menu_order":0,"comment_status":"closed","ping_status":"closed","template":"templates\/map.php","meta":[],"_links":{"self":[{"href":"https:\/\/spotmall.hr\/makarska\/wp-json\/wp\/v2\/pages\/2683"}],"collection":[{"href":"https:\/\/spotmall.hr\/makarska\/wp-json\/wp\/v2\/pages"}],"about":[{"href":"https:\/\/spotmall.hr\/makarska\/wp-json\/wp\/v2\/types\/page"}],"author":[{"embeddable":true,"href":"https:\/\/spotmall.hr\/makarska\/wp-json\/wp\/v2\/users\/1"}],"replies":[{"embeddable":true,"href":"https:\/\/spotmall.hr\/makarska\/wp-json\/wp\/v2\/comments?post=2683"}],"version-history":[{"count":2,"href":"https:\/\/spotmall.hr\/makarska\/wp-json\/wp\/v2\/pages\/2683\/revisions"}],"predecessor-version":[{"id":2688,"href":"https:\/\/spotmall.hr\/makarska\/wp-json\/wp\/v2\/pages\/2683\/revisions\/2688"}],"wp:attachment":[{"href":"https:\/\/spotmall.hr\/makarska\/wp-json\/wp\/v2\/media?parent=2683"}],"curies":[{"name":"wp","href":"https:\/\/api.w.org\/{rel}","templated":true}]}}