{"id":2875,"date":"2022-01-18T15:27:53","date_gmt":"2022-01-18T14:27:53","guid":{"rendered":"https:\/\/spotmall.hr\/korcula\/spot-info\/"},"modified":"2023-07-20T01:55:26","modified_gmt":"2023-07-19T23:55:26","slug":"spot-info","status":"publish","type":"page","link":"https:\/\/spotmall.hr\/korcula\/spot-info\/?lang=en","title":{"rendered":"SPOT info"},"content":{"rendered":"\n<section class=\"u-pt-3 u-pb-4\"><div class=\"o-container\"><div class=\"o-row u-items-center\"><div class=\"o-col-6@md u-mb-2 u-mb-0@md\"><img src=\"https:\/\/spotmall.hr\/makarska\/wp-content\/uploads\/sites\/2\/2020\/08\/content-pic-1.jpg\" alt=\"Highlight image\"\/><\/div><div class=\"o-col-6@md\"><h2 placeholder=\"Add your text here\" class=\"u-mb-0\">Free internet is provided for all visitors within the center.<\/h2><\/div><\/div><\/div><\/section>\n\n\n\n<section class=\"u-pt-3 u-pb-4\"><div class=\"o-container\"><div class=\"o-col-10@md o-col-9@lg o-col-8@xl\"><article class=\"c-wysiwyg\">\n<h1 placeholder=\"Add your text here\" class=\"u-text-primary\">SPOT shopping mall<br>About us<\/h1>\n\n\n\n<p>SPOT shopping mall is not only the largest shopping center in Kor\u010dula but has also become an essential shopping destination and entertainment for the whole family since its opening. As we like to say, SPOT has become the new center of the city.<br><\/p>\n\n\n\n<p>Located at the entrance of the city of Kor\u010dula, at Ante Star\u010devi\u0107a Street 6, SPOT shopping mall spans over 7,500 square meters of land, including over 6,000 square meters of retail space across 4 floors. It offers outdoor and garage parking with over 300 parking spaces and more than 14 different stores, providing our visitors with the best value for their time and money.<br><\/p>\n\n\n\n<p>Among the notable stores in the center are TOMMY hypermarket, BIPA, Jysk, KiK, Mana, Ljekarna Kor\u010dula (pharmacy), and Planet obu\u0107a (shoe store). In addition to the stores, SPOT is also home to the Kavana No1 hospitality brand with a terrace.<\/p>\n\n\n\n<p><\/p>\n<\/article><\/div><\/div><\/section>\n","protected":false},"excerpt":{"rendered":"","protected":false},"author":1,"featured_media":0,"parent":0,"menu_order":0,"comment_status":"closed","ping_status":"closed","template":"templates\/info.php","meta":[],"_links":{"self":[{"href":"https:\/\/spotmall.hr\/korcula\/wp-json\/wp\/v2\/pages\/2875"}],"collection":[{"href":"https:\/\/spotmall.hr\/korcula\/wp-json\/wp\/v2\/pages"}],"about":[{"href":"https:\/\/spotmall.hr\/korcula\/wp-json\/wp\/v2\/types\/page"}],"author":[{"embeddable":true,"href":"https:\/\/spotmall.hr\/korcula\/wp-json\/wp\/v2\/users\/1"}],"replies":[{"embeddable":true,"href":"https:\/\/spotmall.hr\/korcula\/wp-json\/wp\/v2\/comments?post=2875"}],"version-history":[{"count":2,"href":"https:\/\/spotmall.hr\/korcula\/wp-json\/wp\/v2\/pages\/2875\/revisions"}],"predecessor-version":[{"id":2990,"href":"https:\/\/spotmall.hr\/korcula\/wp-json\/wp\/v2\/pages\/2875\/revisions\/2990"}],"wp:attachment":[{"href":"https:\/\/spotmall.hr\/korcula\/wp-json\/wp\/v2\/media?parent=2875"}],"curies":[{"name":"wp","href":"https:\/\/api.w.org\/{rel}","templated":true}]}}