{"id":2871,"date":"2022-01-18T15:31:43","date_gmt":"2022-01-18T14:31:43","guid":{"rendered":"https:\/\/spotmall.hr\/korcula\/mall-map\/"},"modified":"2022-05-16T02:10:32","modified_gmt":"2022-05-16T00:10:32","slug":"mall-map","status":"publish","type":"page","link":"https:\/\/spotmall.hr\/korcula\/mall-map\/?lang=en","title":{"rendered":"Mall map"},"content":{"rendered":"\n<section class=\"u-pt-3 u-pb-4\"><div class=\"o-container\"><div class=\"o-col-10@md o-col-9@lg o-col-8@xl\"><article class=\"c-wysiwyg\">\n<h1 placeholder=\"Add your text here\" class=\"u-text-primary\">Mall map<\/h1>\n\n\n\n<div id=\"mapplic-id2932\" data-mapdata=\"{&quot;mapwidth&quot;:&quot;1000&quot;,&quot;mapheight&quot;:&quot;700&quot;,&quot;minimap&quot;:false,&quot;clearbutton&quot;:true,&quot;zoombuttons&quot;:true,&quot;sidebar&quot;:false,&quot;search&quot;:false,&quot;hovertip&quot;:true,&quot;mousewheel&quot;:true,&quot;fullscreen&quot;:false,&quot;deeplinking&quot;:true,&quot;mapfill&quot;:false,&quot;zoom&quot;:true,&quot;alphabetic&quot;:false,&quot;action&quot;:&quot;tooltip&quot;,&quot;categories&quot;:[],&quot;levels&quot;:[{&quot;id&quot;:&quot;2kat&quot;,&quot;title&quot;:&quot;2. Kat&quot;,&quot;map&quot;:&quot;\/\/spotmall.hr\/korcula\/wp-content\/uploads\/sites\/3\/2022\/05\/korcula2kat-12.svg&quot;,&quot;minimap&quot;:&quot;&quot;,&quot;locations&quot;:[{&quot;id&quot;:&quot;space12&quot;,&quot;title&quot;:&quot;Bipa&quot;,&quot;description&quot;:&quot;&lt;p&gt;U BIPA poslovnicama mo\u017ee&scaron; prona\u0107i sve &scaron;to je potrebno za savr&scaron;en izgled i blistav dom. Veliki izbor, pristupa\u010dne cijene i uvijek zanimljiva ponuda.&lt;\/p&gt;&lt;p&gt;Veselimo se tvome dolasku! Uljep&scaron;aj si dan. Tvoja, BIPA.&lt;\/p&gt;&quot;,&quot;pin&quot;:&quot;pin-ribbon pin-label&quot;,&quot;label&quot;:&quot;BIPA&quot;,&quot;fill&quot;:&quot;#ed0297&quot;,&quot;link&quot;:&quot;https:\/\/spotmall.hr\/korcula\/store\/bipa\/&quot;,&quot;action&quot;:&quot;default&quot;,&quot;x&quot;:&quot;0.5457&quot;,&quot;y&quot;:&quot;0.5864&quot;},{&quot;id&quot;:&quot;space13&quot;,&quot;title&quot;:&quot;Amadeus&quot;,&quot;description&quot;:&quot;&lt;p&gt;&lt;!-- wp:paragraph --&gt;&lt;\/p&gt;&lt;p&gt;&lt;strong&gt;AMDS JEANS&lt;\/strong&gt;&nbsp;prvi je hrvatski&nbsp;&lt;em&gt;streetstyle&lt;\/em&gt;&nbsp;brand.&lt;\/p&gt;&lt;p&gt;&lt;!-- \/wp:paragraph --&gt; &lt;!-- wp:paragraph --&gt;&lt;\/p&gt;&lt;p&gt;Inspirirani urbanim na\u010dinom \u017eivota za vas stvaramo kolekcije ve\u0107 od 1988. godine. Brand je nastao&nbsp;zbog ideje i velike strasti prema traperu, a s vremenom se pretvorio u jedan od najpopularnijih i najtra\u017eenijih brandova u Hrvatskoj, koji je do dan danas zadr\u017eao svoj status priznatog&nbsp;&lt;em&gt;jeans&lt;\/em&gt;&nbsp;proizvo\u0111a\u010da.&lt;\/p&gt;&lt;p&gt;&lt;!-- \/wp:paragraph --&gt; &lt;!-- wp:paragraph --&gt;&lt;\/p&gt;&lt;p&gt;Le\u017eeran izgled,&nbsp;&lt;em&gt;casual&lt;\/em&gt;&nbsp;odjevne kombinacije i autenti\u010dan stil zadane su niti vodilje ovog branda. Razvili smo svoju prepoznatljivost kao&nbsp;&lt;em&gt;streetstyle&lt;\/em&gt;&nbsp;brand koji u svojoj ponudi ima pone&scaron;to za svakog \u010dlana obitelji. Svaki odjevni predmet je duboko dizajnerski promi&scaron;ljen i detaljno razra\u0111en u svakoj fazi proizvodnog procesa.&lt;\/p&gt;&lt;p&gt;&lt;!-- \/wp:paragraph --&gt; &lt;!-- wp:paragraph --&gt;&lt;\/p&gt;&lt;p&gt;&lt;strong&gt;AMDS JEANS&lt;\/strong&gt;&nbsp;i njegovi zaposlenici nastavljaju provoditi misiju i viziju branda na na\u010din da predano rade, stvaraju, razvijaju se te nadogra\u0111uju svoja znanja i vje&scaron;tine. Vjerujemo u ono &scaron;to radimo i volimo ono &scaron;to jesmo!&lt;\/p&gt;&lt;p&gt;&lt;!-- \/wp:paragraph --&gt;&lt;\/p&gt;&quot;,&quot;pin&quot;:&quot;pin-ribbon pin-label&quot;,&quot;label&quot;:&quot;Amadeus&quot;,&quot;fill&quot;:&quot;#1c1c1c&quot;,&quot;link&quot;:&quot;https:\/\/spotmall.hr\/korcula\/store\/amadeus\/&quot;,&quot;action&quot;:&quot;default&quot;,&quot;x&quot;:&quot;0.6638&quot;,&quot;y&quot;:&quot;0.4864&quot;},{&quot;id&quot;:&quot;space14&quot;,&quot;title&quot;:&quot;TOMMY&quot;,&quot;description&quot;:&quot;&lt;p&gt;Trgova\u010dki lanac TOMMY utemeljen je kao trgova\u010dko dru&scaron;tvo 1992. godine, kada je i otpo\u010delo s poslovnim aktivnostima u trgova\u010dkoj djelatnosti.&lt;\/p&gt;\\n&lt;p&gt;TOMMY d.o.o. je u 100% privatnom vlasni&scaron;tvu, sjedi&scaron;te dru&scaron;tva je u Splitu. Kompanija je tijekom godina poslovanja bilje\u017eila kontinuirani rast i razvoj poslovanja, unato\u010d \u010desto puta slo\u017eenim dru&scaron;tvenim i tr\u017ei&scaron;nim okolnostima. Kvalitetno strate&scaron;ko i razvojno promi&scaron;ljanje, tr\u017ei&scaron;no prilagodljiva poslovna politika orijentirana kupcima i kontinuirano ulaganje u kvalitetu i ljudske potencijale rezultirale su nastajanjem jednog od najzna\u010dajnijih i najstabilnijih poslovnih projekata u Republici Hrvatskoj od samostalnosti do danas. Danas je TOMMY jedan od vode\u0107ih hrvatskih trgova\u010dkih lanaca, najve\u0107a kompanija i najve\u0107i poslodavac u Dalmaciji i ju\u017enoj Hrvatskoj, a po ukupnom prihodu TOMMY spada u hrvatski TOP 25 prema ukupnom prihodu.&lt;\/p&gt;&quot;,&quot;pin&quot;:&quot;pin-ribbon pin-label&quot;,&quot;label&quot;:&quot;TOMMY&quot;,&quot;fill&quot;:&quot;#dd3333&quot;,&quot;link&quot;:&quot;https:\/\/spotmall.hr\/korcula\/store\/tommy\/&quot;,&quot;image&quot;:&quot;https:\/\/spotmall.hr\/korcula\/wp-content\/uploads\/sites\/3\/2022\/05\/Tommy-3-scaled-1.jpg&quot;,&quot;action&quot;:&quot;default&quot;,&quot;x&quot;:&quot;0.6113&quot;,&quot;y&quot;:&quot;0.3280&quot;}]},{&quot;id&quot;:&quot;1kat&quot;,&quot;title&quot;:&quot;1. Kat&quot;,&quot;map&quot;:&quot;\/\/spotmall.hr\/korcula\/wp-content\/uploads\/sites\/3\/2022\/05\/korcula_1kat-12b.svg&quot;,&quot;minimap&quot;:&quot;&quot;,&quot;locations&quot;:[{&quot;id&quot;:&quot;space3&quot;,&quot;title&quot;:&quot;Optika Topi\u0107&quot;,&quot;description&quot;:&quot;&lt;p&gt;Optika Topi\u0107 nudi veliki izbor sun\u010danih i dioptrijskih nao\u010dala najpoznatijih svjetskih marki. Dugogodi&scaron;nje iskustvo u prodaji i izradi nao\u010dala te stru\u010dno osoblje garancija su pouzdanosti u radu, &scaron;to su prepoznali mnogi na&scaron;i korisnici. Posjetite nas sa povjerenjem.&lt;\/p&gt;&quot;,&quot;pin&quot;:&quot;pin-ribbon pin-label&quot;,&quot;label&quot;:&quot;Optika Topi\u0107&quot;,&quot;fill&quot;:&quot;#1e73be&quot;,&quot;link&quot;:&quot;https:\/\/spotmall.hr\/korcula\/store\/optika-topic\/&quot;,&quot;image&quot;:&quot;https:\/\/spotmall.hr\/korcula\/wp-content\/uploads\/sites\/3\/2022\/01\/PHOTO-2021-11-12-12-33-30.jpg&quot;,&quot;action&quot;:&quot;default&quot;,&quot;x&quot;:&quot;0.6171&quot;,&quot;y&quot;:&quot;0.6197&quot;},{&quot;id&quot;:&quot;space4&quot;,&quot;title&quot;:&quot;At Corner&quot;,&quot;pin&quot;:&quot;pin-ribbon pin-label&quot;,&quot;label&quot;:&quot;At Corner&quot;,&quot;fill&quot;:&quot;#1e73be&quot;,&quot;action&quot;:&quot;default&quot;,&quot;x&quot;:&quot;0.4757&quot;,&quot;y&quot;:&quot;0.7051&quot;},{&quot;id&quot;:&quot;space5&quot;,&quot;title&quot;:&quot;Ljekarna Kor\u010dula&quot;,&quot;pin&quot;:&quot;pin-ribbon pin-label&quot;,&quot;fill&quot;:&quot;#06a37e&quot;,&quot;action&quot;:&quot;default&quot;,&quot;x&quot;:&quot;0.4214&quot;,&quot;y&quot;:&quot;0.5322&quot;,&quot;label&quot;:&quot;Ljekarna Kor\u010dula&quot;},{&quot;id&quot;:&quot;space7&quot;,&quot;title&quot;:&quot;JYSK&quot;,&quot;description&quot;:&quot;&lt;p&gt;JYSK danski lanac za opremanje i ure\u0111enje doma &nbsp;osigurava svim svojim kupcima izvrsnu skandinavsku ponudu proizvoda za spavanje i svakodnevni \u017eivot. Ovdje smo kako bi olak&scaron;ali ure\u0111enje svake prostorije u domu &ndash; uklju\u010duju\u0107i i ure\u0111enje eksterijera.&lt;\/p&gt;&lt;p&gt;Poslujemo s tisu\u0107ama trgovina diljem svijeta, tako da nas se uvijek mo\u017ee prona\u0107i u blizini. Zahvaljuju\u0107i tomu omogu\u0107avamo jednostavan pregled na&scaron;eg asortimana uz razne opcije preuzimanja i isporuka do domova. Putem webshopa pru\u017eamo mogu\u0107nost za pro&scaron;irenje na&scaron;e ponude.&lt;\/p&gt;&lt;p&gt;Bez obzira na to gdje i putem kojeg kanala isporu\u010dujemo proizvode, svaki dan se nastojimo jo&scaron; vi&scaron;e pribli\u017eiti na&scaron;im kupcima. Samo na taj na\u010din mo\u017eemo i dalje osigurati izvrsnu skandinavsku ponudu proizvoda za spavanje i svakodnevni \u017eivot.&nbsp;&nbsp;&nbsp;&nbsp; &nbsp;&nbsp;&nbsp;&nbsp;&nbsp;&nbsp;&lt;\/p&gt;&quot;,&quot;pin&quot;:&quot;pin-ribbon pin-label&quot;,&quot;label&quot;:&quot;JYSK&quot;,&quot;fill&quot;:&quot;#2145d3&quot;,&quot;link&quot;:&quot;https:\/\/spotmall.hr\/korcula\/store\/jysk\/&quot;,&quot;action&quot;:&quot;default&quot;,&quot;x&quot;:&quot;0.7935&quot;,&quot;y&quot;:&quot;0.3072&quot;},{&quot;id&quot;:&quot;space8&quot;,&quot;title&quot;:&quot;Planet Obu\u0107a&quot;,&quot;description&quot;:&quot;&lt;p&gt;Planet Obu\u0107a, najve\u0107i hrvatski maloprodajni centar obu\u0107e odlikuje se naj&scaron;irim izborom sezonske obu\u0107e, vrhunskih proizvoda od ko\u017ee i &scaron;kolskog programa. Uz vlastitu proizvodnju i distribuciju obu\u0107e, putem svojih veleprodajnih i maloprodajnih centara, Planet obu\u0107a uspje&scaron;no posluje ve\u0107 punih 30 godina. U tom je razdoblju Planet Obu\u0107a postala nezaobilazno mjesto milijuna zadovoljnih kupaca.&lt;\/p&gt;&quot;,&quot;pin&quot;:&quot;pin-ribbon pin-label&quot;,&quot;label&quot;:&quot;Planet Obu\u0107a&quot;,&quot;fill&quot;:&quot;#dd3333&quot;,&quot;link&quot;:&quot;https:\/\/spotmall.hr\/korcula\/store\/planet-obuca\/&quot;,&quot;image&quot;:&quot;https:\/\/spotmall.hr\/korcula\/wp-content\/uploads\/sites\/3\/2022\/01\/IMG-2327d8991a349f40866977c312ea4062-V.jpg&quot;,&quot;action&quot;:&quot;default&quot;,&quot;x&quot;:&quot;0.3416&quot;,&quot;y&quot;:&quot;0.4447&quot;},{&quot;id&quot;:&quot;space9&quot;,&quot;title&quot;:&quot;Kavana No1&quot;,&quot;pin&quot;:&quot;pin-ribbon pin-label&quot;,&quot;label&quot;:&quot;Kavana No1&quot;,&quot;fill&quot;:&quot;#875b1b&quot;,&quot;action&quot;:&quot;default&quot;,&quot;x&quot;:&quot;0.2367&quot;,&quot;y&quot;:&quot;0.3593&quot;},{&quot;id&quot;:&quot;space11&quot;,&quot;title&quot;:&quot;Mana&quot;,&quot;description&quot;:&quot;&lt;p&gt;MANA je modna marka odje\u0107e za cijelu obitelj. Manine \u017eenske, mu&scaron;ke i dje\u010dje modne kolekcije izra\u0111ene su od kvalitetnih materijala u uvijek novim krojevima, dezenima i uzorcima, uz kvalitetu po vrlo razumnim cijenama.&lt;\/p&gt;&quot;,&quot;pin&quot;:&quot;pin-ribbon pin-label&quot;,&quot;label&quot;:&quot;Mana&quot;,&quot;fill&quot;:&quot;#dd3333&quot;,&quot;link&quot;:&quot;https:\/\/spotmall.hr\/korcula\/store\/mana\/&quot;,&quot;image&quot;:&quot;https:\/\/spotmall.hr\/korcula\/wp-content\/uploads\/sites\/3\/2022\/01\/korCula_pages-to-jpg-0003.jpg&quot;,&quot;action&quot;:&quot;default&quot;,&quot;x&quot;:&quot;0.4757&quot;,&quot;y&quot;:&quot;0.3134&quot;}]},{&quot;id&quot;:&quot;medukat&quot;,&quot;title&quot;:&quot;Me\u0111ukat&quot;,&quot;map&quot;:&quot;\/\/spotmall.hr\/korcula\/wp-content\/uploads\/sites\/3\/2022\/05\/medukat-12.svg&quot;,&quot;minimap&quot;:&quot;&quot;,&quot;locations&quot;:[{&quot;id&quot;:&quot;space2&quot;,&quot;title&quot;:&quot;Kik&quot;,&quot;description&quot;:&quot;&lt;p&gt;Na&scaron; model obiteljskog diskonta je uspjeh. Otvorili smo svoju prvu trgovinu u D&uuml;sseldorfu 1994. godine, a danas kupci iz 12 zemalja &scaron;irom Europe mogu posjetiti na&scaron;ih preko 4000 trgovina. U planu je i vi&scaron;e njih, jer KiK uvijek tra\u017ei odgovaraju\u0107a mjesta u Njema\u010dkoj i inozemstvu.&lt;\/p&gt;&lt;p&gt;Kvalitetno, pametno, povoljno - to je KiK.&lt;\/p&gt;&lt;p&gt;Bilo za svakodnevnu ili posebnu prigodu, kupci mogu prona\u0107i savr&scaron;enu odje\u0107u u KiK-u. Moda je zabavna - a niti ne ko&scaron;ta puno!&lt;\/p&gt;&quot;,&quot;pin&quot;:&quot;pin-ribbon pin-label&quot;,&quot;label&quot;:&quot;KIK&quot;,&quot;fill&quot;:&quot;#dd4040&quot;,&quot;link&quot;:&quot;https:\/\/spotmall.hr\/korcula\/store\/kik\/&quot;,&quot;image&quot;:&quot;https:\/\/spotmall.hr\/korcula\/wp-content\/uploads\/sites\/3\/2022\/01\/ip4.jpg&quot;,&quot;action&quot;:&quot;default&quot;,&quot;x&quot;:&quot;0.1857&quot;,&quot;y&quot;:&quot;0.3759&quot;}]},{&quot;id&quot;:&quot;korcula_2&quot;,&quot;title&quot;:&quot;Prizemlje&quot;,&quot;map&quot;:&quot;\/\/spotmall.hr\/korcula\/wp-content\/uploads\/sites\/3\/2022\/05\/korcula-prizemlje-29.4.2024c.svg&quot;,&quot;minimap&quot;:&quot;&quot;,&quot;locations&quot;:[{&quot;id&quot;:&quot;space1&quot;,&quot;title&quot;:&quot;TEDi&quot;,&quot;description&quot;:&quot;&lt;p&gt;TEDi is the leading non-food retail chain in Europe, which always surprises its customers with a large selection of products. In our proverbs you can find everything under one roof, be inspired by current trends.&lt;\/p&gt;&quot;,&quot;pin&quot;:&quot;pin-ribbon pin-label&quot;,&quot;label&quot;:&quot;TEDi&quot;,&quot;link&quot;:&quot;https:\/\/spotmall.hr\/korcula\/store\/tedi\/?location=space1&quot;,&quot;action&quot;:&quot;default&quot;,&quot;x&quot;:&quot;0.2403&quot;,&quot;y&quot;:&quot;0.3895&quot;,&quot;fill&quot;:&quot;#4184bf&quot;}]}],&quot;maxscale&quot;:&quot;3&quot;,&quot;smartip&quot;:false,&quot;linknewtab&quot;:false,&quot;zoomoutclose&quot;:false,&quot;closezoomout&quot;:false,&quot;searchdescription&quot;:false,&quot;thumbholder&quot;:false,&quot;hidenofilter&quot;:false,&quot;highlight&quot;:false,&quot;topLat&quot;:&quot;&quot;,&quot;leftLng&quot;:&quot;&quot;,&quot;bottomLat&quot;:&quot;&quot;,&quot;rightLng&quot;:&quot;&quot;,&quot;styles&quot;:[],&quot;moretext&quot;:&quot;Vi&scaron;e&quot;}\"><\/div>\n<\/article><\/div><\/div><\/section>\n","protected":false},"excerpt":{"rendered":"","protected":false},"author":1,"featured_media":0,"parent":0,"menu_order":0,"comment_status":"closed","ping_status":"closed","template":"templates\/map.php","meta":[],"_links":{"self":[{"href":"https:\/\/spotmall.hr\/korcula\/wp-json\/wp\/v2\/pages\/2871"}],"collection":[{"href":"https:\/\/spotmall.hr\/korcula\/wp-json\/wp\/v2\/pages"}],"about":[{"href":"https:\/\/spotmall.hr\/korcula\/wp-json\/wp\/v2\/types\/page"}],"author":[{"embeddable":true,"href":"https:\/\/spotmall.hr\/korcula\/wp-json\/wp\/v2\/users\/1"}],"replies":[{"embeddable":true,"href":"https:\/\/spotmall.hr\/korcula\/wp-json\/wp\/v2\/comments?post=2871"}],"version-history":[{"count":2,"href":"https:\/\/spotmall.hr\/korcula\/wp-json\/wp\/v2\/pages\/2871\/revisions"}],"predecessor-version":[{"id":2941,"href":"https:\/\/spotmall.hr\/korcula\/wp-json\/wp\/v2\/pages\/2871\/revisions\/2941"}],"wp:attachment":[{"href":"https:\/\/spotmall.hr\/korcula\/wp-json\/wp\/v2\/media?parent=2871"}],"curies":[{"name":"wp","href":"https:\/\/api.w.org\/{rel}","templated":true}]}}